, 7, 97, 1291
What are the prime factors of 4051450?
2, 5, 13, 23, 271
List the prime factors of 1032358.
2, 516179
What are the prime factors of 4809162?
2, 3, 23, 34849
List the prime factors of 8441796.
2, 3, 11, 31, 2063
List the prime factors of 739510.
2, 5, 73951
What are the prime factors of 91443?
3, 11, 17, 163
List the prime factors of 202310.
2, 5, 20231
List the prime factors of 41208.
2, 3, 17, 101
What are the prime factors of 2620592?
2, 13, 43, 293
What are the prime factors of 1078418?
2, 11, 49019
What are the prime factors of 1218161?
7, 101, 1723
What are the prime factors of 993914?
2, 59, 8423
List the prime factors of 52865.
5, 97, 109
List the prime factors of 2360641.
347, 6803
What are the prime factors of 2991651?
3, 13, 79, 971
What are the prime factors of 1223558?
2, 7, 17, 53, 97
What are the prime factors of 3145917?
3, 23, 127, 359
What are the prime factors of 3231284?
2, 7, 37, 3119
List the prime factors of 753838.
2, 37, 61, 167
What are the prime factors of 3029884?
2, 11, 13, 5297
List the prime factors of 40516.
2, 7, 1447
List the prime factors of 14304764.
2, 31, 115361
What are the prime factors of 5619112?
2, 17, 79, 523
What are the prime factors of 159769?
159769
List the prime factors of 8769832.
2, 29, 103, 367
What are the prime factors of 12712028?
2, 7, 107, 4243
List the prime factors of 145967.
145967
List the prime factors of 250930.
2, 5, 23, 1091
What are the prime factors of 325495?
5, 65099
List the prime factors of 1606230.
2, 3, 5, 661
What are the prime factors of 9255616?
2, 17, 47, 181
What are the prime factors of 12824164?
2, 19, 83, 107
List the prime factors of 8894587.
13, 17, 167, 241
What are the prime factors of 13096448?
2, 25579
List the prime factors of 1151828.
2, 151, 1907
List the prime factors of 127141.
7, 41, 443
What are the prime factors of 1246812?
2, 3, 7, 14843
What are the prime factors of 2159321?
47, 45943
List the prime factors of 345009.
3, 7, 2347
List the prime factors of 1482340.
2, 5, 137, 541
What are the prime factors of 3999485?
5, 7, 229, 499
List the prime factors of 14000264.
2, 19, 92107
What are the prime factors of 3304055?
5, 660811
List the prime factors of 21831004.
2, 13, 419827
List the prime factors of 35865656.
2, 4483207
What are the prime factors of 951613?
13, 71, 1031
What are the prime factors of 990437?
7, 17, 29, 41
What are the prime factors of 282031?
139, 2029
What are the prime factors of 1928000?
2, 5, 241
List the prime factors of 997307.
997307
What are the prime factors of 700267?
307, 2281
What are the prime factors of 12818755?
5, 2563751
List the prime factors of 1784663.
293, 6091
List the prime factors of 374782.
2, 17, 73, 151
What are the prime factors of 39662?
2, 7, 2833
What are the prime factors of 348733?
7, 11, 647
What are the prime factors of 568526?
2, 7, 40609
List the prime factors of 4833201.
3, 19, 84793
List the prime factors of 580970.
2, 5, 13, 41, 109
List the prime factors of 1942995.
3, 5, 129533
List the prime factors of 410206.
2, 205103
What are the prime factors of 5087552?
2, 79493
List the prime factors of 27687546.
2, 3, 41, 37517
List the prime factors of 208597.
29, 7193
List the prime factors of 169135.
5, 33827
List the prime factors of 4861807.
4861807
List the prime factors of 24885846.
2, 3, 59, 73, 107
List the prime factors of 535175.
5, 21407
What are the prime factors of 13786317?
3, 1531813
List the prime factors of 131730.
2, 3, 5, 4391
What are the prime factors of 1980170?
2, 5, 198017
What are the prime factors of 3661313?
113, 32401
What are the prime factors of 15716870?
2, 5, 13, 120899
List the prime factors of 176235.
3, 5, 31, 379
List the prime factors of 516484.
2, 129121
List the prime factors of 11040372.
2, 3, 7, 193, 227
What are the prime factors of 1614935?
5, 7, 46141
List the prime factors of 270126.
2, 3, 43, 349
List the prime factors of 5112079.
7, 730297
List the prime factors of 5893741.
7, 113, 7451
List the prime factors of 1225151.
31, 39521
What are the prime factors of 4359688?
2, 544961
List the prime factors of 34820.
2, 5, 1741
List the prime factors of 190679.
47, 4057
List the prime factors of 191137.
191137
List the prime factors of 400814.
2, 200407
List the prime factors of 1624799.
11, 147709
List the prime factors of 356623.
89, 4007
What are the prime factors of 88823?
7, 12689
List the prime factors of 4503002.
2, 7, 45949
List the prime factors of 595252.
2, 7, 3037
List the prime factors of 1474243.
1474243
What are the prime factors of 802103?
802103
List the prime factors of 175897.
175897
List the prime factors of 1066650.
2, 3, 5, 13, 547
List the prime factors of 214208.
2, 3347
List the prime factors of 48375.
3, 5, 43
List the prime factors of 157549.
7, 71, 317
List the prime factors of 20835694.
2, 11, 101, 9377
List the prime factors of 5082772.
2, 29, 43, 1019
List the prime factors of 287844.
2, 3, 17, 83
What are the prime factors of 187782?
2, 3, 7, 17, 263
List the prime factors of 3867960.
2, 3, 5, 32233
What are the prime factors of 26368364?
2, 11, 599281
What are the prime factors of 21114635?
5, 4222927
What are the prime factors of 1117432?
2, 23, 6073
What are the prime factors of 231552?
2, 3, 67
List the prime factors of 298327.
298327
List the prime factors of 225123.
3, 75041
What are the prime factors of 11859?
3, 59, 67
What are the prime factors of 640848?
2, 3, 13, 79
What are the prime factors of 4276901?
613, 6977
What are the prime factors of 104797?
7, 11, 1361
List the prime factors of 81337.
163, 499
What are the prime factors of 18156?
2, 3, 17, 89
What are the prime factors of 757494?
2, 3, 42083
List the prime factors of 27668244.
2, 3, 31, 74377
List the prime factors of 469253.
469253
List the prime factors of 2171850.
2, 3, 5, 14479
List the prime factors of 7170.
2, 3, 5, 239
List the prime factors of 815954.
2, 407977
What are the prime factors of 7185759?
3, 7, 342179
What are the prime factors of 186356?
2, 46589
List the prime factors of 11396.
2, 7, 11, 37
List the prime factors of 11982320.
2, 5, 7, 21397
List the prime factors of 64003.
29, 2207
List the prime factors of 326892.
2, 3, 27241
What are the prime factors of 44190?
2, 3, 5, 491
List the prime factors of 17688281.
13, 1360637
What are the prime factors of 19226012?
2, 13, 369731
What are the prime factors of 27615208?
2, 17, 19, 10687
List the prime factors of 9701792.
2, 137, 2213
What are the prime factors of 154505?
5, 13, 2377
What are the prime factors of 582216?
2, 3, 17, 1427
What are the prime factors of 971398?
2, 37, 13127
List the prime factors of 577751.
577751
List the prime factors of 321339.
3, 43, 47, 53
List the prime factors of 383611.
383611
List the prime factors of 209900.
2, 5, 2099
List the prime factors of 777309.
3, 13, 19, 1049
What are the prime factors of 105681?
3, 35227
What are the prime factors of 183561?
3, 7, 8741
List the prime factors of 39450.
2, 3, 5, 263
List the prime factors of 1370233.
643, 2131
What are the prime factors of 1895835?
3, 5, 211, 599
What are the prime factors of 4096002?
2, 3, 109, 6263
List the prime factors of 26964398.
2, 13482199
List the prime factors of 5837130.
2, 3, 5, 13, 1663
What are the prime factors of 99539?
11, 9049
What are the prime factors of 26304363?
3, 29, 97, 1039
What are the prime factors of 1183898?
2, 277, 2137
What are the prime factors of 109633?
17, 6449
What are the prime factors of 17855155?
5, 19, 29, 6481
What are the prime factors of 9058127?
13, 17, 2411
List the prime factors of 177585.
3, 5, 11839
List the prime factors of 266019.
3, 13, 19, 359
List the prime factors of 469423.
29, 16187
What are the prime factors of 1022547?
3, 340849
List the prime factors of 682548.
2, 3, 23, 2473
List the prime factors of 2227010.
2, 5, 79, 2819
What are the prime factors of 504811?
19, 163
What are the prime factors of 769166?
2, 23, 727
List the prime factors of 1695802.
2, 847901
List the prime factors of 3595526.
2, 11, 163433
List the prime factors of 12365.
5, 2473
List the prime factors of 9056909.
9056909
List the prime factors of 51555.
3, 5, 7, 491
List the prime factors of 4088539.
7, 13, 179, 251
What are the prime factors o